 + 43, 2*u + 122 = 2*v. Calculate the greatest common divisor of 8 and v.
8
Suppose 38*b + 9570 = 53*b. Calculate the greatest common factor of 22 and b.
22
Let u = 2815 + -2247. Calculate the greatest common factor of 8 and u.
8
Suppose 4*g - 3*p = 115, -3*g = -0*p + 4*p - 80. Let m be ((-6)/4)/(g/(-168)). Calculate the highest common divisor of m and 63.
9
Let s(i) be the second derivative of i**4/6 - 13*i**3/6 + 4*i**2 - 3*i. Let q be s(6). Calculate the greatest common factor of 18 and q.
2
Suppose -241 = -8*t + 671. What is the greatest common divisor of 1406 and t?
38
Suppose j - 10 = 56. Let o(l) = l**2 - 33*l + 242. Let v be o(10). Calculate the greatest common divisor of j and v.
6
Let f = 947 - 323. Calculate the highest common divisor of 104 and f.
104
Suppose -3*f - 52 = -82. What is the greatest common factor of f and 65?
5
Let u(b) = 5*b + 30*b - 2 - 31*b. Let a = 4 + -3. Let z be u(a). What is the greatest common divisor of 4 and z?
2
Let g(r) = -r**2 + 11*r - 25. Let v be g(4). Suppose s = v*s - 68. What is the greatest common factor of 306 and s?
34
Let h = 1273 + -1219. Calculate the highest common divisor of 1728 and h.
54
Let j(n) = -n**3 - 11*n**2 - 13*n - 24. Suppose 72 = 3*c - 24. Suppose -29*g = -c*g - 30. Let u be j(g). Calculate the highest common factor of 2 and u.
2
Let i be 72/7 + 20/(-70). Let s be ((-8)/i)/((-38)/95). Suppose -s*l + 68 = 4*b + 16, -4*b = -16. Calculate the highest common divisor of l and 6.
6
Suppose 0 = -m + 51 - 45. Let p be (m + (-6 - 22))*(-5)/2. Let r(s) = 12*s**2 - 1. Let h be r(1). What is the greatest common divisor of h and p?
11
Let i be (-2)/(-8) - (1 - (-428)/(-16)). Let s = 5 - -34. What is the greatest common factor of i and s?
13
Let b be 2 + 8 + (1 - 1). Suppose 110 = -1808*o + 1809*o. What is the greatest common divisor of o and b?
10
Suppose -9 = -0*q - q. Let z = q - 47. Let t = 72 + z. What is the highest common divisor of 51 and t?
17
Let o = 31 + -18. Let k = o - 8. Suppose k*a - 5 - 5 = 0. Calculate the highest common factor of a and 6.
2
Let l(j) = j**2. Let d be l(-2). Suppose -d*c = -q - 251, -4*q = -0*c + 3*c - 193. Let b = 144 + -137. What is the highest common factor of c and b?
7
Suppose 59 = -5*m + 259. Suppose 2*y - 3*j - 19 = 0, -4*y = 2*j - 24 - 6. Calculate the highest common divisor of y and m.
8
Suppose -7*l + 60 = -2*l. Let i(j) = -j**2 - 12*j + 4. Let t be i(-10). What is the highest common factor of t and l?
12
Suppose 24*d - 31*d = -21. Suppose d*z + 9 + 0 = 3*y, 4*z = -4*y + 44. What is the greatest common factor of 56 and y?
7
Suppose 3*a = 61 + 683. What is the greatest common factor of 31 and a?
31
Suppose 12*i - 171 = 57. What is the greatest common divisor of 1349 and i?
19
Let f = -31 + 35. Let u be f*(4/(-6))/(4/(-3)). What is the highest common factor of 18 and u?
2
Suppose 327 = 3*j + 132. Suppose 3*h - 3*b - j - 136 = 0, h + 2*b = 82. Calculate the greatest common divisor of h and 18.
18
Let v(y) = 50*y + 4. Let i be v(3). Let o(q) = q**3 + 12*q**2 - 4*q + 21. Let w be o(-12). Let u = w + -47. What is the greatest common divisor of u and i?
22
Suppose 2*a - 24 = -2*a - 4*x, a = -2*x + 7. Suppose 134 = -0*f + 3*f + a*n, -4*f + 5*n = -132. Calculate the highest common factor of f and 418.
38
Let t = 138 - 48. What is the greatest common divisor of 20 and t?
10
Let g = -427 - -429. What is the greatest common divisor of 152 and g?
2
Let z(g) = g**3 - 24*g**2 + 2*g - 9. Let w be z(24). Calculate the greatest common divisor of 260 and w.
13
Suppose 23*j - 19*j = i - 77, -2*i + 5*j + 166 = 0. Calculate the highest common divisor of 31 and i.
31
Suppose 5*y - 68 = 3*f - 4*f, 5*f + 2*y = 225. Suppose -6*q - f = -133. What is the greatest common divisor of 195 and q?
15
Suppose 1 = 2*u - 65. Let c be u/7 - (-6)/21. Suppose -c*z = -34 - 41. What is the greatest common factor of z and 60?
15
Let y = 825 - 440. Calculate the greatest common factor of y and 35.
35
Suppose -13*m - 8*m + 2352 = 0. Calculate the greatest common divisor of 140 and m.
28
Suppose -q + 2 = -46. Suppose -3*g - 3*o = -q, 0*g - g - 5*o = -32. Let r = 6 - 3. Calculate the highest common divisor of g and r.
3
Suppose 0 = -37*c + 20*c + 13005. What is the greatest common divisor of c and 90?
45
Let c be 3/(-5) - (-10150)/250. What is the greatest common divisor of c and 5?
5
Let q = 27 - 19. Suppose -q*f - 24 = -12*f. Suppose -3*w = -w - 24. Calculate the highest common divisor of f and w.
6
Let p(v) = -2*v**2 - 35*v + 40. Let s be p(0). Calculate the highest common factor of s and 296.
8
Let z be (28/24 + (-2)/3)*-12. Let g be (-2 + 5/1)/(z/(-10)). Calculate the greatest common factor of g and 20.
5
Let p(x) = -x**3 - 7*x**2 + 7*x + 9. Let c be p(-7). Let o = c - -67. What is the highest common factor of 18 and o?
9
Let f(k) = 4*k**2 + 2*k - k**3 - 1 + k**2 + 2*k**2. Let m(i) = 2*i**2 - 23*i - 5. Let t be m(12). Let w be f(t). What is the highest common factor of 143 and w?
13
Suppose 0 = 46*g - 5899 - 5831. What is the greatest common factor of 120 and g?
15
Let c = 27 + 153. What is the highest common factor of c and 396?
36
Let t(u) = 2*u**3 - 7*u**2 + 2*u - 4. Let g be t(4). Calculate the greatest common factor of g and 44.
4
Let x = -11 + 15. Suppose -325 = -26*l - 65. Calculate the highest common divisor of x and l.
2
Let q(j) = -81*j - 153. Let y be q(-2). Let l = -6 + 9. Calculate the highest common divisor of y and l.
3
Suppose 5*y - 21 = -66. Let z(a) = -a**3 - 7*a**2 + 14*a + 8. Let u be z(y). Let l be -33*((-4)/(-3))/(-4). What is the highest common divisor of l and u?
11
Suppose -l + 55 = v, -2*l - v = -4*l + 107. What is the highest common divisor of 918 and l?
54
Let p = 2895 - 1068. Calculate the highest common divisor of p and 21.
21
Let i(a) = 8*a**2 + 917*a - 332. Let g be i(-115). Let v = -139 - -256. Calculate the greatest common factor of g and v.
13
Suppose -5*j + 3*c + 503 = c, 2*j - c - 202 = 0. Suppose 2*v + v = -3. Let t(d) = 10*d**2 + d. Let l be t(v). What is the highest common factor of l and j?
9
Suppose 5 = -5*r, w + 2*r - 389 = -2*r. Let f = w + -153. Suppose q = -q + f. What is the greatest common factor of 20 and q?
20
Let f = -46 - -76. Suppose 2*c + 4*k = 150, 0 = 5*c - k + 6*k - 375. What is the greatest common factor of c and f?
15
Let j be (54/(-12))/(14/(-756)). What is the highest common factor of 72 and j?
9
Suppose -m - 3*k - 6 = 0, 0 = -3*m + k + 9 + 13. Suppose -n + 4*n = m. What is the highest common divisor of 20 and n?
2
Let h = -89 - -93. Let q be (-1)/(((-20)/h + 4)/38). Calculate the greatest common divisor of q and 95.
19
Let b(m) = -m + 30. Let c be (-1)/(1 + (-3)/2). Let r = c + -2. Let s be b(r). Calculate the greatest common divisor of 45 and s.
15
Suppose -3765*m + 3762*m = -336. Let a = 46 + -32. Calculate the greatest common factor of m and a.
14
Let t be 5/(-80)*-4 + (-12015)/12. Let m be 1/6 + (t/(-42) - -3). What is the highest common factor of m and 81?
27
Let v = 963 + -427. Calculate the greatest common factor of v and 8.
8
Let z = -21 - -24. Suppose 0 = x + z*r - 24 - 78, 4*r - 102 = -x. Calculate the highest common factor of 68 and x.
34
Let f = 1560 - 1008. What is the highest common factor of f and 12?
12
Suppose -28 = -3*t - r + 35, t - 4*r - 21 = 0. Calculate the greatest common divisor of 525 and t.
21
Suppose 0 = 3*r + 5*q - 189, q + 130 = 2*r + 3*q. Calculate the highest common divisor of r and 16.
4
Let o = -1140 + 1525. Calculate the greatest common divisor of 110 and o.
55
Let h(l) = 22*l**2 + 4*l - 5. Let m be h(-4). Suppose -m + 67 = -2*s. Let v(x) = x + 21. Let u be v(-9). What is the highest common factor of u and s?
12
Suppose -3*u = -210 - 777. Calculate the highest common divisor of u and 7.
7
Let a = 782 + -740. Calculate the greatest common divisor of a and 308.
14
Let v = 326 + -491. Let y = v + 240. Calculate the greatest common divisor of 25 and y.
25
Let m(s) = s**2 + 5*s - 21. Suppose 0 = 3*r + 21 + 6. Let p be m(r). Calculate the greatest common divisor of p and 30.
15
Suppose 0 = 5*w - 4*n - 1503, -w + 2*n - n + 301 = 0. Calculate the greatest common divisor of 23 and w.
23
Suppose 6*b - 8*b = 0. Suppose b*i + 15*i = 45. What is the greatest common factor of 5 and i?
1
Suppose -490 = -2*x 